{"id":30893,"date":"2024-12-05T22:22:28","date_gmt":"2024-12-05T21:22:28","guid":{"rendered":"https:\/\/noval.rs\/?post_type=product&#038;p=30893"},"modified":"2024-12-05T22:24:15","modified_gmt":"2024-12-05T21:24:15","slug":"lepenka-siva-100x70","status":"publish","type":"product","link":"https:\/\/noval.rs\/?product=lepenka-siva-100x70","title":{"rendered":"LEPENKA SIVA 100X70"},"content":{"rendered":"<div class=\"product-tabs-wrapper\">\n<div class=\"container\">\n<div class=\"row\">\n<div class=\"col-12 poduct-tabs-inner\">\n<div class=\"woocommerce-tabs wc-tabs-wrapper tabs-layout-tabs\" data-state=\"first\" data-layout=\"tabs\">\n<div class=\"wd-accordion-item\">\n<div id=\"tab-description\" class=\"entry-content woocommerce-Tabs-panel woocommerce-Tabs-panel--description wd-active panel wc-tab\" role=\"tabpanel\" aria-labelledby=\"tab-title-description\" data-accordion-index=\"description\">\n<div class=\"wc-tab-inner\">\n<ul>\n<li><strong>\u0160ifra: 4459<\/strong><\/li>\n<li>\n<h5><strong>Lepenka je vrsta kartona gramature iznad 500 g\/m\u00b2, a naj\u010de\u0161\u0107e se izra\u0111uje od recikliranog (starog) papira<\/strong><\/h5>\n<\/li>\n<li><strong>\u00a0Lepenka je vi\u0161eslojni materijal dobijen od raznih vlakana lepljenjem i presovanjem<\/strong><\/li>\n<\/ul>\n<\/div>\n<\/div>\n<\/div>\n<\/div>\n<\/div>\n<\/div>\n<\/div>\n<\/div>\n","protected":false},"excerpt":{"rendered":"<p>\u0160ifra: 4459 Lepenka je vrsta kartona gramature iznad 500 g\/m\u00b2, a naj\u010de\u0161\u0107e se izra\u0111uje od recikliranog (starog) papira \u00a0Lepenka je<\/p>\n","protected":false},"featured_media":30896,"comment_status":"open","ping_status":"closed","template":"","meta":{"jetpack_post_was_ever_published":false,"jetpack_publicize_message":"","jetpack_publicize_feature_enabled":true,"jetpack_social_post_already_shared":false,"jetpack_social_options":{"image_generator_settings":{"template":"highway","default_image_id":0,"font":"","enabled":false},"version":2}},"product_brand":[],"product_cat":[73,55],"product_tag":[],"class_list":{"0":"post-30893","1":"product","2":"type-product","3":"status-publish","4":"has-post-thumbnail","6":"product_cat-lepenka","7":"product_cat-papirni-proizvodi","9":"first","10":"instock","11":"shipping-taxable","12":"purchasable","13":"product-type-simple"},"jetpack_publicize_connections":[],"jetpack_sharing_enabled":true,"_links":{"self":[{"href":"https:\/\/noval.rs\/index.php?rest_route=\/wp\/v2\/product\/30893","targetHints":{"allow":["GET"]}}],"collection":[{"href":"https:\/\/noval.rs\/index.php?rest_route=\/wp\/v2\/product"}],"about":[{"href":"https:\/\/noval.rs\/index.php?rest_route=\/wp\/v2\/types\/product"}],"replies":[{"embeddable":true,"href":"https:\/\/noval.rs\/index.php?rest_route=%2Fwp%2Fv2%2Fcomments&post=30893"}],"version-history":[{"count":1,"href":"https:\/\/noval.rs\/index.php?rest_route=\/wp\/v2\/product\/30893\/revisions"}],"predecessor-version":[{"id":30895,"href":"https:\/\/noval.rs\/index.php?rest_route=\/wp\/v2\/product\/30893\/revisions\/30895"}],"wp:featuredmedia":[{"embeddable":true,"href":"https:\/\/noval.rs\/index.php?rest_route=\/wp\/v2\/media\/30896"}],"wp:attachment":[{"href":"https:\/\/noval.rs\/index.php?rest_route=%2Fwp%2Fv2%2Fmedia&parent=30893"}],"wp:term":[{"taxonomy":"product_brand","embeddable":true,"href":"https:\/\/noval.rs\/index.php?rest_route=%2Fwp%2Fv2%2Fproduct_brand&post=30893"},{"taxonomy":"product_cat","embeddable":true,"href":"https:\/\/noval.rs\/index.php?rest_route=%2Fwp%2Fv2%2Fproduct_cat&post=30893"},{"taxonomy":"product_tag","embeddable":true,"href":"https:\/\/noval.rs\/index.php?rest_route=%2Fwp%2Fv2%2Fproduct_tag&post=30893"}],"curies":[{"name":"wp","href":"https:\/\/api.w.org\/{rel}","templated":true}]}}