{"id":30816,"date":"2024-12-02T21:40:57","date_gmt":"2024-12-02T20:40:57","guid":{"rendered":"https:\/\/noval.rs\/?post_type=product&#038;p=30816"},"modified":"2024-12-02T21:40:57","modified_gmt":"2024-12-02T20:40:57","slug":"koverat-1000ad-zuti-250x353mm-samolepljivi","status":"publish","type":"product","link":"https:\/\/noval.rs\/?product=koverat-1000ad-zuti-250x353mm-samolepljivi","title":{"rendered":"KOVERAT 1000AD \u017dUTI 250x353mm SAMOLEPLJIVI"},"content":{"rendered":"<ul>\n<li class=\"code\">\u0160ifra: 1492<\/li>\n<li>Koverat 1000 N \u017euti, otvor po u\u017eoj strani<\/li>\n<li>Samolepljivi<\/li>\n<\/ul>\n","protected":false},"excerpt":{"rendered":"<p>\u0160ifra: 1492 Koverat 1000 N \u017euti, otvor po u\u017eoj strani Samolepljivi<\/p>\n","protected":false},"featured_media":30817,"comment_status":"open","ping_status":"closed","template":"","meta":{"jetpack_post_was_ever_published":false,"jetpack_publicize_message":"","jetpack_publicize_feature_enabled":true,"jetpack_social_post_already_shared":false,"jetpack_social_options":{"image_generator_settings":{"template":"highway","default_image_id":0,"font":"","enabled":false},"version":2}},"product_brand":[],"product_cat":[71,55],"product_tag":[],"class_list":{"0":"post-30816","1":"product","2":"type-product","3":"status-publish","4":"has-post-thumbnail","6":"product_cat-koverte","7":"product_cat-papirni-proizvodi","9":"first","10":"instock","11":"shipping-taxable","12":"purchasable","13":"product-type-simple"},"jetpack_publicize_connections":[],"jetpack_sharing_enabled":true,"_links":{"self":[{"href":"https:\/\/noval.rs\/index.php?rest_route=\/wp\/v2\/product\/30816","targetHints":{"allow":["GET"]}}],"collection":[{"href":"https:\/\/noval.rs\/index.php?rest_route=\/wp\/v2\/product"}],"about":[{"href":"https:\/\/noval.rs\/index.php?rest_route=\/wp\/v2\/types\/product"}],"replies":[{"embeddable":true,"href":"https:\/\/noval.rs\/index.php?rest_route=%2Fwp%2Fv2%2Fcomments&post=30816"}],"version-history":[{"count":1,"href":"https:\/\/noval.rs\/index.php?rest_route=\/wp\/v2\/product\/30816\/revisions"}],"predecessor-version":[{"id":30818,"href":"https:\/\/noval.rs\/index.php?rest_route=\/wp\/v2\/product\/30816\/revisions\/30818"}],"wp:featuredmedia":[{"embeddable":true,"href":"https:\/\/noval.rs\/index.php?rest_route=\/wp\/v2\/media\/30817"}],"wp:attachment":[{"href":"https:\/\/noval.rs\/index.php?rest_route=%2Fwp%2Fv2%2Fmedia&parent=30816"}],"wp:term":[{"taxonomy":"product_brand","embeddable":true,"href":"https:\/\/noval.rs\/index.php?rest_route=%2Fwp%2Fv2%2Fproduct_brand&post=30816"},{"taxonomy":"product_cat","embeddable":true,"href":"https:\/\/noval.rs\/index.php?rest_route=%2Fwp%2Fv2%2Fproduct_cat&post=30816"},{"taxonomy":"product_tag","embeddable":true,"href":"https:\/\/noval.rs\/index.php?rest_route=%2Fwp%2Fv2%2Fproduct_tag&post=30816"}],"curies":[{"name":"wp","href":"https:\/\/api.w.org\/{rel}","templated":true}]}}