{"id":30418,"date":"2024-11-19T18:58:35","date_gmt":"2024-11-19T17:58:35","guid":{"rendered":"https:\/\/noval.rs\/?post_type=product&#038;p=30418"},"modified":"2024-11-19T18:58:35","modified_gmt":"2024-11-19T17:58:35","slug":"toner-cb435-cb436-ce285a-ce278a","status":"publish","type":"product","link":"https:\/\/noval.rs\/?product=toner-cb435-cb436-ce285a-ce278a","title":{"rendered":"TONER CB435\/CB436\/CE285A\/CE278A"},"content":{"rendered":"<ul>\n<li><span class=\"sku_wrapper\">\u0160ifra proizvoda: 5406<\/span><\/li>\n<li>Kompatibilni toner<\/li>\n<li>O\u0161tar tekst i o\u0161tra grafika<\/li>\n<li>Podr\u017eani modeli \u0161tampa\u010da:<br \/>\nHP LaserJet Pro P1002\/P1003\/P1004\/P1005\/P1006\/P1009<br \/>\nP1500\/1505\/1522\/1503\/P1504\/P1505\/P1506\/P1503n\/<br \/>\nP1504n\/P1505n\/P1506n\/M1120\/M1120n\/M1120a\/M1120h\/<br \/>\nM1120w\/M1522n\/1522F\/M1522nf\/M1522nt\/P1100\/P1102\/<br \/>\nP1102W\/M1130\/M1132\/1134\/M1210\/M1212nf\/M1214nfh\/<br \/>\nM1217nfw\/M1218nf\/M1219nf\/P1566\/P1567\/P1568\/P1569\/<br \/>\nP1606\/1560\/P1606dn\/P1608dn\/P1609dn\/M1530\/<br \/>\nM1536dnf\/M1537dnf\/M1538dnf\/M1539dnf<br \/>\nCanon LBP 3050\/3150\/3010\/3100\/3018\/3108\/3250\/6018\/<br \/>\n6000\/6020 MF3010 image class MF4400\/4410\/4420\/4120\/<br \/>\n4412\/4452\/4550\/4570\/D520<\/li>\n<\/ul>\n","protected":false},"excerpt":{"rendered":"<p>\u0160ifra proizvoda: 5406 Kompatibilni toner O\u0161tar tekst i o\u0161tra grafika Podr\u017eani modeli \u0161tampa\u010da: HP LaserJet Pro P1002\/P1003\/P1004\/P1005\/P1006\/P1009 P1500\/1505\/1522\/1503\/P1504\/P1505\/P1506\/P1503n\/ P1504n\/P1505n\/P1506n\/M1120\/M1120n\/M1120a\/M1120h\/ M1120w\/M1522n\/1522F\/M1522nf\/M1522nt\/P1100\/P1102\/<\/p>\n","protected":false},"featured_media":30405,"comment_status":"open","ping_status":"closed","template":"","meta":{"jetpack_post_was_ever_published":false,"jetpack_publicize_message":"","jetpack_publicize_feature_enabled":true,"jetpack_social_post_already_shared":false,"jetpack_social_options":{"image_generator_settings":{"template":"highway","default_image_id":0,"font":"","enabled":false},"version":2}},"product_brand":[],"product_cat":[59,105],"product_tag":[],"class_list":{"0":"post-30418","1":"product","2":"type-product","3":"status-publish","4":"has-post-thumbnail","6":"product_cat-mediji","7":"product_cat-toneri","9":"first","10":"instock","11":"shipping-taxable","12":"purchasable","13":"product-type-simple"},"jetpack_publicize_connections":[],"jetpack_sharing_enabled":true,"_links":{"self":[{"href":"https:\/\/noval.rs\/index.php?rest_route=\/wp\/v2\/product\/30418","targetHints":{"allow":["GET"]}}],"collection":[{"href":"https:\/\/noval.rs\/index.php?rest_route=\/wp\/v2\/product"}],"about":[{"href":"https:\/\/noval.rs\/index.php?rest_route=\/wp\/v2\/types\/product"}],"replies":[{"embeddable":true,"href":"https:\/\/noval.rs\/index.php?rest_route=%2Fwp%2Fv2%2Fcomments&post=30418"}],"version-history":[{"count":1,"href":"https:\/\/noval.rs\/index.php?rest_route=\/wp\/v2\/product\/30418\/revisions"}],"predecessor-version":[{"id":30419,"href":"https:\/\/noval.rs\/index.php?rest_route=\/wp\/v2\/product\/30418\/revisions\/30419"}],"wp:featuredmedia":[{"embeddable":true,"href":"https:\/\/noval.rs\/index.php?rest_route=\/wp\/v2\/media\/30405"}],"wp:attachment":[{"href":"https:\/\/noval.rs\/index.php?rest_route=%2Fwp%2Fv2%2Fmedia&parent=30418"}],"wp:term":[{"taxonomy":"product_brand","embeddable":true,"href":"https:\/\/noval.rs\/index.php?rest_route=%2Fwp%2Fv2%2Fproduct_brand&post=30418"},{"taxonomy":"product_cat","embeddable":true,"href":"https:\/\/noval.rs\/index.php?rest_route=%2Fwp%2Fv2%2Fproduct_cat&post=30418"},{"taxonomy":"product_tag","embeddable":true,"href":"https:\/\/noval.rs\/index.php?rest_route=%2Fwp%2Fv2%2Fproduct_tag&post=30418"}],"curies":[{"name":"wp","href":"https:\/\/api.w.org\/{rel}","templated":true}]}}