{"id":29579,"date":"2024-11-07T21:47:05","date_gmt":"2024-11-07T20:47:05","guid":{"rendered":"https:\/\/noval.rs\/?post_type=product&#038;p=29579"},"modified":"2024-11-07T21:47:05","modified_gmt":"2024-11-07T20:47:05","slug":"brisac-mastila-pisi-brisi-3649-cp","status":"publish","type":"product","link":"https:\/\/noval.rs\/?product=brisac-mastila-pisi-brisi-3649-cp","title":{"rendered":"BRISA\u010c MASTILA PI\u0160I BRI\u0160I 3649 CP"},"content":{"rendered":"<ul>\n<li>\n<h5><strong>\u0160ifra: 623756<\/strong><\/h5>\n<\/li>\n<\/ul>\n","protected":false},"excerpt":{"rendered":"<p>\u0160ifra: 623756<\/p>\n","protected":false},"featured_media":29580,"comment_status":"open","ping_status":"closed","template":"","meta":{"jetpack_post_was_ever_published":false,"jetpack_publicize_message":"","jetpack_publicize_feature_enabled":true,"jetpack_social_post_already_shared":false,"jetpack_social_options":{"image_generator_settings":{"template":"highway","default_image_id":0,"font":"","enabled":false},"version":2}},"product_brand":[],"product_cat":[112,250,164,60],"product_tag":[],"class_list":{"0":"post-29579","1":"product","2":"type-product","3":"status-publish","4":"has-post-thumbnail","6":"product_cat-brisaci-mastila","7":"product_cat-brisaci-mastila-pribor-za-crtanje-i-pisanje","8":"product_cat-pribor-za-crtanje-i-pisanje","9":"product_cat-pribor-za-pisanje","11":"first","12":"instock","13":"shipping-taxable","14":"purchasable","15":"product-type-simple"},"jetpack_publicize_connections":[],"jetpack_sharing_enabled":true,"_links":{"self":[{"href":"https:\/\/noval.rs\/index.php?rest_route=\/wp\/v2\/product\/29579","targetHints":{"allow":["GET"]}}],"collection":[{"href":"https:\/\/noval.rs\/index.php?rest_route=\/wp\/v2\/product"}],"about":[{"href":"https:\/\/noval.rs\/index.php?rest_route=\/wp\/v2\/types\/product"}],"replies":[{"embeddable":true,"href":"https:\/\/noval.rs\/index.php?rest_route=%2Fwp%2Fv2%2Fcomments&post=29579"}],"version-history":[{"count":1,"href":"https:\/\/noval.rs\/index.php?rest_route=\/wp\/v2\/product\/29579\/revisions"}],"predecessor-version":[{"id":29581,"href":"https:\/\/noval.rs\/index.php?rest_route=\/wp\/v2\/product\/29579\/revisions\/29581"}],"wp:featuredmedia":[{"embeddable":true,"href":"https:\/\/noval.rs\/index.php?rest_route=\/wp\/v2\/media\/29580"}],"wp:attachment":[{"href":"https:\/\/noval.rs\/index.php?rest_route=%2Fwp%2Fv2%2Fmedia&parent=29579"}],"wp:term":[{"taxonomy":"product_brand","embeddable":true,"href":"https:\/\/noval.rs\/index.php?rest_route=%2Fwp%2Fv2%2Fproduct_brand&post=29579"},{"taxonomy":"product_cat","embeddable":true,"href":"https:\/\/noval.rs\/index.php?rest_route=%2Fwp%2Fv2%2Fproduct_cat&post=29579"},{"taxonomy":"product_tag","embeddable":true,"href":"https:\/\/noval.rs\/index.php?rest_route=%2Fwp%2Fv2%2Fproduct_tag&post=29579"}],"curies":[{"name":"wp","href":"https:\/\/api.w.org\/{rel}","templated":true}]}}