{"id":29453,"date":"2024-10-26T11:59:39","date_gmt":"2024-10-26T10:59:39","guid":{"rendered":"https:\/\/noval.rs\/?post_type=product&#038;p=29453"},"modified":"2024-10-26T11:59:39","modified_gmt":"2024-10-26T10:59:39","slug":"flomaster-permanentni-beli-centropen-12mm-2686","status":"publish","type":"product","link":"https:\/\/noval.rs\/?product=flomaster-permanentni-beli-centropen-12mm-2686","title":{"rendered":"FLOMASTER PERMANENTNI BELI CENTROPEN 1,2mm *2686*"},"content":{"rendered":"<ul>\n<li>\u0160ifra: 2686<\/li>\n<li>Proizvodjac: Centropen<\/li>\n<li>Zemlja porekla: \u010ce\u0161ka<\/li>\n<\/ul>\n","protected":false},"excerpt":{"rendered":"<p>\u0160ifra: 2686 Proizvodjac: Centropen Zemlja porekla: \u010ce\u0161ka<\/p>\n","protected":false},"featured_media":29454,"comment_status":"open","ping_status":"closed","template":"","meta":{"jetpack_post_was_ever_published":false,"jetpack_publicize_message":"","jetpack_publicize_feature_enabled":true,"jetpack_social_post_already_shared":false,"jetpack_social_options":{"image_generator_settings":{"template":"highway","default_image_id":0,"font":"","enabled":false},"version":2}},"product_brand":[],"product_cat":[118,244,108],"product_tag":[],"class_list":{"0":"post-29453","1":"product","2":"type-product","3":"status-publish","4":"has-post-thumbnail","6":"product_cat-flomasteri","7":"product_cat-flomasteri-pribor-za-crtanje-i-pisanje","8":"product_cat-markeri","10":"first","11":"instock","12":"shipping-taxable","13":"purchasable","14":"product-type-simple"},"jetpack_publicize_connections":[],"jetpack_sharing_enabled":true,"_links":{"self":[{"href":"https:\/\/noval.rs\/index.php?rest_route=\/wp\/v2\/product\/29453","targetHints":{"allow":["GET"]}}],"collection":[{"href":"https:\/\/noval.rs\/index.php?rest_route=\/wp\/v2\/product"}],"about":[{"href":"https:\/\/noval.rs\/index.php?rest_route=\/wp\/v2\/types\/product"}],"replies":[{"embeddable":true,"href":"https:\/\/noval.rs\/index.php?rest_route=%2Fwp%2Fv2%2Fcomments&post=29453"}],"version-history":[{"count":2,"href":"https:\/\/noval.rs\/index.php?rest_route=\/wp\/v2\/product\/29453\/revisions"}],"predecessor-version":[{"id":29456,"href":"https:\/\/noval.rs\/index.php?rest_route=\/wp\/v2\/product\/29453\/revisions\/29456"}],"wp:featuredmedia":[{"embeddable":true,"href":"https:\/\/noval.rs\/index.php?rest_route=\/wp\/v2\/media\/29454"}],"wp:attachment":[{"href":"https:\/\/noval.rs\/index.php?rest_route=%2Fwp%2Fv2%2Fmedia&parent=29453"}],"wp:term":[{"taxonomy":"product_brand","embeddable":true,"href":"https:\/\/noval.rs\/index.php?rest_route=%2Fwp%2Fv2%2Fproduct_brand&post=29453"},{"taxonomy":"product_cat","embeddable":true,"href":"https:\/\/noval.rs\/index.php?rest_route=%2Fwp%2Fv2%2Fproduct_cat&post=29453"},{"taxonomy":"product_tag","embeddable":true,"href":"https:\/\/noval.rs\/index.php?rest_route=%2Fwp%2Fv2%2Fproduct_tag&post=29453"}],"curies":[{"name":"wp","href":"https:\/\/api.w.org\/{rel}","templated":true}]}}