{"id":29445,"date":"2024-10-26T11:54:34","date_gmt":"2024-10-26T10:54:34","guid":{"rendered":"https:\/\/noval.rs\/?post_type=product&#038;p=29445"},"modified":"2024-10-26T11:54:34","modified_gmt":"2024-10-26T10:54:34","slug":"flomaster-za-foliju-centropen-ohp-2637-m-10mm","status":"publish","type":"product","link":"https:\/\/noval.rs\/?product=flomaster-za-foliju-centropen-ohp-2637-m-10mm","title":{"rendered":"FLOMASTER ZA FOLIJU CENTROPEN OHP 2637 M \u2013 1,0mm"},"content":{"rendered":"<ul>\n<li>\u0160ifra: 47694<\/li>\n<li>Proizvodjac: Centropen<\/li>\n<li>Zemlja porekla: \u010ce\u0161ka<\/li>\n<\/ul>\n","protected":false},"excerpt":{"rendered":"<p>\u0160ifra: 47694 Proizvodjac: Centropen Zemlja porekla: \u010ce\u0161ka<\/p>\n","protected":false},"featured_media":29446,"comment_status":"open","ping_status":"closed","template":"","meta":{"jetpack_post_was_ever_published":false,"jetpack_publicize_message":"","jetpack_publicize_feature_enabled":true,"jetpack_social_post_already_shared":false,"jetpack_social_options":{"image_generator_settings":{"template":"highway","default_image_id":0,"font":"","enabled":false},"version":2}},"product_brand":[],"product_cat":[118,244,108],"product_tag":[],"class_list":{"0":"post-29445","1":"product","2":"type-product","3":"status-publish","4":"has-post-thumbnail","6":"product_cat-flomasteri","7":"product_cat-flomasteri-pribor-za-crtanje-i-pisanje","8":"product_cat-markeri","10":"first","11":"instock","12":"shipping-taxable","13":"purchasable","14":"product-type-simple"},"jetpack_publicize_connections":[],"jetpack_sharing_enabled":true,"_links":{"self":[{"href":"https:\/\/noval.rs\/index.php?rest_route=\/wp\/v2\/product\/29445","targetHints":{"allow":["GET"]}}],"collection":[{"href":"https:\/\/noval.rs\/index.php?rest_route=\/wp\/v2\/product"}],"about":[{"href":"https:\/\/noval.rs\/index.php?rest_route=\/wp\/v2\/types\/product"}],"replies":[{"embeddable":true,"href":"https:\/\/noval.rs\/index.php?rest_route=%2Fwp%2Fv2%2Fcomments&post=29445"}],"version-history":[{"count":2,"href":"https:\/\/noval.rs\/index.php?rest_route=\/wp\/v2\/product\/29445\/revisions"}],"predecessor-version":[{"id":29448,"href":"https:\/\/noval.rs\/index.php?rest_route=\/wp\/v2\/product\/29445\/revisions\/29448"}],"wp:featuredmedia":[{"embeddable":true,"href":"https:\/\/noval.rs\/index.php?rest_route=\/wp\/v2\/media\/29446"}],"wp:attachment":[{"href":"https:\/\/noval.rs\/index.php?rest_route=%2Fwp%2Fv2%2Fmedia&parent=29445"}],"wp:term":[{"taxonomy":"product_brand","embeddable":true,"href":"https:\/\/noval.rs\/index.php?rest_route=%2Fwp%2Fv2%2Fproduct_brand&post=29445"},{"taxonomy":"product_cat","embeddable":true,"href":"https:\/\/noval.rs\/index.php?rest_route=%2Fwp%2Fv2%2Fproduct_cat&post=29445"},{"taxonomy":"product_tag","embeddable":true,"href":"https:\/\/noval.rs\/index.php?rest_route=%2Fwp%2Fv2%2Fproduct_tag&post=29445"}],"curies":[{"name":"wp","href":"https:\/\/api.w.org\/{rel}","templated":true}]}}